{"id":3128,"date":"2016-06-29T13:26:28","date_gmt":"2016-06-29T12:26:28","guid":{"rendered":"http:\/\/localhost\/pivert\/?page_id=3128"},"modified":"2025-09-26T15:29:48","modified_gmt":"2025-09-26T14:29:48","slug":"mentions-legales-et-credits","status":"publish","type":"page","link":"https:\/\/piver-hauts-de-france.org\/?page_id=3128","title":{"rendered":"Mentions l\u00e9gales et cr\u00e9dits"},"content":{"rendered":"<h2 id=\"titre-bloc-1\" class=\"bloc\">Copyright<\/h2>\n<div class=\"bloc paragraphes\">\n<p class=\"paragraphe\">Les publications et donn\u00e9es mises \u00e0 disposition sur le pr\u00e9sent site sont consultables et t\u00e9l\u00e9chargeables gratuitement ; sauf sp\u00e9cification contraire, elles peuvent \u00eatre r\u00e9utilis\u00e9es, y compris \u00e0 des fins commerciales, sans licence et sans versement de redevances autres que celles collect\u00e9es par les soci\u00e9t\u00e9s de perception et de r\u00e9partition des droits d&rsquo;auteur r\u00e9gies par le titre II du livre III du code de la propri\u00e9t\u00e9 intellectuelle ; la r\u00e9utilisation est toutefois subordonn\u00e9e au respect de l&rsquo;int\u00e9grit\u00e9 de l&rsquo;information et des donn\u00e9es et \u00e0 la mention pr\u00e9cise des sources.<\/p>\n<p class=\"paragraphe\">PIVER est favorable \u00e0 la cr\u00e9ation de liens hypertextes vers les pages de son site. De fa\u00e7on g\u00e9n\u00e9rale, tout lien \u00e9tabli \u00e0 partir d&rsquo;un autre site vers le site internet\u00a0 PIVER doit indiquer de fa\u00e7on claire \u00e0 l&rsquo;internaute qu&rsquo;il est dirig\u00e9 vers le site, en faisant notamment mention int\u00e9grale et visible de cette URL. En outre,\u00a0 PIVER se r\u00e9serve le droit de demander la dissolution des liens dont il estimera qu&rsquo;ils sont de nature \u00e0 porter pr\u00e9judice \u00e0 son image ou \u00e0 ses droits.<\/p>\n<p class=\"paragraphe\">Toute reproduction pour un usage autre que strictement priv\u00e9 des \u00e9crans de navigation du pr\u00e9sent site et des marques et logos qui y sont affich\u00e9s est rigoureusement interdite.<\/p>\n<\/div>\n<h2 id=\"titre-bloc-3\" class=\"bloc\">Informations \u00e9diteurs<\/h2>\n<div class=\"bloc paragraphes\">\n<p class=\"paragraphe\"><strong> \u00c9diteur :<\/strong><\/p>\n<p class=\"paragraphe\">Insee (Institut national de la statistique et des \u00e9tudes \u00e9conomiques) &#8211; Direction r\u00e9gionale des Hauts-de-France<\/p>\n<p class=\"paragraphe\">130 Avenue du Pr\u00e9sident J.F. Kennedy<\/p>\n<p class=\"paragraphe\">59 034 Lille Cedex<\/p>\n<\/div>\n<div class=\"bloc paragraphes\">\n<p class=\"paragraphe\"><strong>Directeur de la publication : <\/strong>Catherine Renne<\/p>\n<p class=\"paragraphe\"><strong>R\u00e9dacteur en chef : <\/strong>Nathalie Delattre<\/p>\n<p class=\"paragraphe\"><strong>Administrateur : <\/strong>Virginie Gamblin<\/p>\n<\/div>\n<div class=\"bloc paragraphes\">\n<p class=\"paragraphe\"><strong>Conception graphique :<\/strong><\/p>\n<p class=\"paragraphe\">Benjamin Maille<\/p>\n<p class=\"paragraphe\">http:\/\/myben.fr<\/p>\n<\/div>\n<div class=\"bloc paragraphes\">\n<p class=\"paragraphe\"><strong>Conform\u00e9ment \u00e0 la r\u00e9glementation les d\u00e9clarations n\u00e9cessaires ont \u00e9t\u00e9 effectu\u00e9es :<\/strong><\/p>\n<\/div>\n<ul class=\"bloc liste\">\n<li class=\"item\">aupr\u00e8s du Tribunal de Grande Instance de Paris<\/li>\n<li class=\"item\">aupr\u00e8s de la Commission Nationale de l&rsquo;Informatique et des Libert\u00e9s<\/li>\n<li class=\"item\">aupr\u00e8s du Conseil Sup\u00e9rieur de l&rsquo;Audiovisuel<\/li>\n<\/ul>\n<div class=\"bloc paragraphes\">\n<p class=\"paragraphe\"><strong>Donn\u00e9es nominatives :<\/strong><\/p>\n<p class=\"paragraphe\">Les donn\u00e9es nominatives collect\u00e9es via nos formulaires de contact ou d&rsquo;abonnement ne sont utilis\u00e9es \u00e0 aucune autre fin que celle pour laquelle elles sont express\u00e9ment recueillies.<\/p>\n<p class=\"paragraphe\">Les droits d&rsquo;opposition, d&rsquo;acc\u00e8s et de rectification respectivement pr\u00e9vus aux articles 38, 39 et 40 de la <a class=\"renvoi lien-externe\" title=\"Ouvrir dans un nouvel onglet\" href=\"https:\/\/www.legifrance.gouv.fr\/affichTexte.do?cidTexte=JORFTEXT000000886460\" target=\"_blank\" rel=\"noopener\">loi n\u00b0 78-17 du 6 janvier 1978 modifi\u00e9e relative \u00e0 l&rsquo;informatique, aux fichiers et aux libert\u00e9s<\/a> s&rsquo;exercent aupr\u00e8s de :<\/p>\n<p class=\"paragraphe\">Direction r\u00e9gionale de l&rsquo;Insee Hauts-de-France<\/p>\n<p class=\"paragraphe\">130 Avenue du Pr\u00e9sident J.F. Kennedy<\/p>\n<p class=\"paragraphe\">59 034 Lille Cedex<\/p>\n<\/div>\n<div class=\"bloc paragraphes\">\n<p class=\"paragraphe\"><strong>Limites de responsabilit\u00e9 :<\/strong><\/p>\n<p class=\"paragraphe\">\u00a0PIVER d\u00e9cline toute responsabilit\u00e9 quant \u00e0 la pertinence des informations fournies au regard des besoins particuliers des internautes et, a fortiori, quant aux utilisations qu&rsquo;ils sont susceptibles d&rsquo;en faire.<\/p>\n<p class=\"paragraphe\">De m\u00eame,\u00a0 PIVER ne prend aucun engagement concernant les sites auxquels il donne acc\u00e8s au travers de son site, et en particulier ne saurait \u00eatre responsable de leur contenu. Par ailleurs les risques li\u00e9s \u00e0 l&rsquo;utilisation de ces sites incombent pleinement \u00e0 l&rsquo;internaute, et notamment ceux li\u00e9s \u00e0 l&rsquo;existence de virus ou de tout autre parasite de nature destructive.<\/p>\n<\/div>\n","protected":false},"excerpt":{"rendered":"<p>Copyright Les publications et donn\u00e9es mises \u00e0 disposition sur le pr\u00e9sent site sont consultables et t\u00e9l\u00e9chargeables gratuitement ; sauf sp\u00e9cification contraire, elles peuvent \u00eatre r\u00e9utilis\u00e9es, y compris \u00e0 des fins commerciales, sans licence et sans versement de redevances autres que celles collect\u00e9es par les soci\u00e9t\u00e9s de perception et de r\u00e9partition des droits d&rsquo;auteur r\u00e9gies par [&hellip;]<\/p>\n","protected":false},"author":1,"featured_media":0,"parent":3040,"menu_order":3,"comment_status":"closed","ping_status":"closed","template":"","meta":[],"_links":{"self":[{"href":"https:\/\/piver-hauts-de-france.org\/index.php?rest_route=\/wp\/v2\/pages\/3128"}],"collection":[{"href":"https:\/\/piver-hauts-de-france.org\/index.php?rest_route=\/wp\/v2\/pages"}],"about":[{"href":"https:\/\/piver-hauts-de-france.org\/index.php?rest_route=\/wp\/v2\/types\/page"}],"author":[{"embeddable":true,"href":"https:\/\/piver-hauts-de-france.org\/index.php?rest_route=\/wp\/v2\/users\/1"}],"replies":[{"embeddable":true,"href":"https:\/\/piver-hauts-de-france.org\/index.php?rest_route=%2Fwp%2Fv2%2Fcomments&post=3128"}],"version-history":[{"count":15,"href":"https:\/\/piver-hauts-de-france.org\/index.php?rest_route=\/wp\/v2\/pages\/3128\/revisions"}],"predecessor-version":[{"id":10797,"href":"https:\/\/piver-hauts-de-france.org\/index.php?rest_route=\/wp\/v2\/pages\/3128\/revisions\/10797"}],"up":[{"embeddable":true,"href":"https:\/\/piver-hauts-de-france.org\/index.php?rest_route=\/wp\/v2\/pages\/3040"}],"wp:attachment":[{"href":"https:\/\/piver-hauts-de-france.org\/index.php?rest_route=%2Fwp%2Fv2%2Fmedia&parent=3128"}],"curies":[{"name":"wp","href":"https:\/\/api.w.org\/{rel}","templated":true}]}}

Mentions légales et crédits

<h2 id="titre-bloc-1" class="bloc">Copyright</h2>
<div class="bloc paragraphes">
<p class="paragraphe">Les publications et données mises à disposition sur le présent site sont consultables et téléchargeables gratuitement ; sauf spécification contraire, elles peuvent être réutilisées, y compris à des fins commerciales, sans licence et sans versement de redevances autres que celles collectées par les sociétés de perception et de répartition des droits d&rsquo;auteur régies par le titre II du livre III du code de la propriété intellectuelle ; la réutilisation est toutefois subordonnée au respect de l&rsquo;intégrité de l&rsquo;information et des données et à la mention précise des sources.</p>
<p class="paragraphe">PIVER est favorable à la création de liens hypertextes vers les pages de son site. De façon générale, tout lien établi à partir d&rsquo;un autre site vers le site internet  PIVER doit indiquer de façon claire à l&rsquo;internaute qu&rsquo;il est dirigé vers le site, en faisant notamment mention intégrale et visible de cette URL. En outre,  PIVER se réserve le droit de demander la dissolution des liens dont il estimera qu&rsquo;ils sont de nature à porter préjudice à son image ou à ses droits.</p>
<p class="paragraphe">Toute reproduction pour un usage autre que strictement privé des écrans de navigation du présent site et des marques et logos qui y sont affichés est rigoureusement interdite.</p>
</div>
<h2 id="titre-bloc-3" class="bloc">Informations éditeurs</h2>
<div class="bloc paragraphes">
<p class="paragraphe"><strong> Éditeur :</strong></p>
<p class="paragraphe">Insee (Institut national de la statistique et des études économiques) &#8211; Direction régionale des Hauts-de-France</p>
<p class="paragraphe">130 Avenue du Président J.F. Kennedy</p>
<p class="paragraphe">59 034 Lille Cedex</p>
</div>
<div class="bloc paragraphes">
<p class="paragraphe"><strong>Directeur de la publication : </strong>Catherine Renne</p>
<p class="paragraphe"><strong>Rédacteur en chef : </strong>Nathalie Delattre</p>
<p class="paragraphe"><strong>Administrateur : </strong>Virginie Gamblin</p>
</div>
<div class="bloc paragraphes">
<p class="paragraphe"><strong>Conception graphique :</strong></p>
<p class="paragraphe">Benjamin Maille</p>
<p class="paragraphe">http://myben.fr</p>
</div>
<div class="bloc paragraphes">
<p class="paragraphe"><strong>Conformément à la réglementation les déclarations nécessaires ont été effectuées :</strong></p>
</div>
<ul class="bloc liste">
<li class="item">auprès du Tribunal de Grande Instance de Paris</li>
<li class="item">auprès de la Commission Nationale de l&rsquo;Informatique et des Libertés</li>
<li class="item">auprès du Conseil Supérieur de l&rsquo;Audiovisuel</li>
</ul>
<div class="bloc paragraphes">
<p class="paragraphe"><strong>Données nominatives :</strong></p>
<p class="paragraphe">Les données nominatives collectées via nos formulaires de contact ou d&rsquo;abonnement ne sont utilisées à aucune autre fin que celle pour laquelle elles sont expressément recueillies.</p>
<p class="paragraphe">Les droits d&rsquo;opposition, d&rsquo;accès et de rectification respectivement prévus aux articles 38, 39 et 40 de la <a class="renvoi lien-externe" title="Ouvrir dans un nouvel onglet" href="https://www.legifrance.gouv.fr/affichTexte.do?cidTexte=JORFTEXT000000886460" target="_blank" rel="noopener">loi n° 78-17 du 6 janvier 1978 modifiée relative à l&rsquo;informatique, aux fichiers et aux libertés</a> s&rsquo;exercent auprès de :</p>
<p class="paragraphe">Direction régionale de l&rsquo;Insee Hauts-de-France</p>
<p class="paragraphe">130 Avenue du Président J.F. Kennedy</p>
<p class="paragraphe">59 034 Lille Cedex</p>
</div>
<div class="bloc paragraphes">
<p class="paragraphe"><strong>Limites de responsabilité :</strong></p>
<p class="paragraphe"> PIVER décline toute responsabilité quant à la pertinence des informations fournies au regard des besoins particuliers des internautes et, a fortiori, quant aux utilisations qu&rsquo;ils sont susceptibles d&rsquo;en faire.</p>
<p class="paragraphe">De même,  PIVER ne prend aucun engagement concernant les sites auxquels il donne accès au travers de son site, et en particulier ne saurait être responsable de leur contenu. Par ailleurs les risques liés à l&rsquo;utilisation de ces sites incombent pleinement à l&rsquo;internaute, et notamment ceux liés à l&rsquo;existence de virus ou de tout autre parasite de nature destructive.</p>
</div>

<p>Copyright Les publications et données mises à disposition sur le présent site sont consultables et téléchargeables gratuitement ; sauf spécification contraire, elles peuvent être réutilisées, y compris à des fins commerciales, sans licence et sans versement de redevances autres que celles collectées par les sociétés de perception et de répartition des droits d&rsquo;auteur régies par [&hellip;]</p>
